 w = t - -5. What are the prime factors of w?
2
Suppose 2*p = 33 + 93. List the prime factors of p.
3, 7
Suppose 7*g - 3*g = 0. Suppose y + 2*z - 4 = g, -4*y + 2*z = -3*y - 20. What are the prime factors of y?
2, 3
Let q be 1*-1 - (-6 - -5). Suppose q = -3*d - 8 + 152. What are the prime factors of d?
2, 3
Suppose -3*u = -0*u + 9. Let x = -7 + u. Let l = -6 - x. What are the prime factors of l?
2
Let n = 7 - 8. Let y(o) = -19*o**3 - o. List the prime factors of y(n).
2, 5
Let o be 2*(2 - 6/4). Let g be 0 + o/(1/(-2)). List the prime factors of 52/8 + 1/g.
2, 3
Let d(q) = -4*q**2 - 5*q - 8. Let h(t) = -4*t**2 - 5*t - 7. Let o(f) = 6*d(f) - 7*h(f). What are the prime factors of o(-4)?
3, 5
Suppose 3*k = 2*k + 35. Let o = 26 + -47. Let r = k + o. List the prime factors of r.
2, 7
Suppose 0 = 4*d + 3*t - 2*t - 280, 2*d + 3*t - 140 = 0. List the prime factors of d.
2, 5, 7
Suppose -x + 52 = 3*x. Let b = x + -8. List the prime factors of b.
5
Let m = 2 - 4. Let k(w) = -4*w - 3. Let x be k(m). Suppose -l + d + 3 = 0, 9 = x*l - d - 10. List the prime factors of l.
2
Let c be 2 - 1/(0 + -1). Suppose 0 = -s - c*s + 44. What are the prime factors of s?
11
List the prime factors of (2/(-3))/((-4)/72).
2, 3
Let z(s) = -s**2 + 4*s + 4. Let u be z(4). Suppose -3*o - 3*v = -v - 27, 0 = o - u*v + 5. What are the prime factors of o?
7
Let k(x) = x - 1. Let j be k(2). Let h(u) = -j + 0*u + 4*u + 0 + 8*u. List the prime factors of h(1).
11
Suppose 4*a + 5*v + 76 = 0, 3*v + 46 = -3*a - 14. Let j = 4 + -6. Let n = j - a. List the prime factors of n.
2, 11
Suppose 0 = 4*l + 5*r - 10*r + 9, -l - 4*r = -24. Suppose -2 = -l*m + 3*m. Let v = 3 + m. What are the prime factors of v?
5
Suppose 7*l = 3*l + 116. What are the prime factors of l?
29
Let w = 92 + 18. List the prime factors of w.
2, 5, 11
Let i(g) = -g**3 - g**2 - g - 1. Let u be i(-1). Let l(k) = k**3 + k**2 + 5. List the prime factors of l(u).
5
Let x(y) = -y**3 + 15*y**2 - 13*y + 7. List the prime factors of x(13).
2, 11
Suppose -3*u + 5*u = 128. List the prime factors of u.
2
Suppose -2*r - 3*p = -415, 215 + 810 = 5*r - 5*p. List the prime factors of r.
2, 103
Let y = -6 + 6. Suppose y = -5*o - 0*o - 5. What are the prime factors of (o - -13)/(1 + 1)?
2, 3
Let y be 2/(-15) + 1628/(-165). List the prime factors of (-8)/(-6)*(-75)/y.
2, 5
Suppose -23 = -5*c - 8. Suppose -2*m - 15 = -c*a, 5*m = 3*a - 2*a + 8. Suppose -5 = -l + a. What are the prime factors of l?
2, 3
Suppose -2 = 2*m - 16. List the prime factors of m.
7
Suppose 4*x + 2*l + 12 = 60, -5*x + l = -46. Let i be (-12)/(-20) + 4/x. Suppose h = -i + 7. List the prime factors of h.
2, 3
Let t(u) = u**3 - 3*u**2 + u. What are the prime factors of t(3)?
3
Let b = 492 - 185. List the prime factors of b.
307
Let p(r) = r**2 + 3*r + 4. Let h(u) = -u**2 + 9*u - 17. Let b be h(7). List the prime factors of p(b).
2
Let b = 212 - 112. Let q = b + -57. What are the prime factors of q?
43
Let r(u) = 14*u**2 - u + 3. Let m(n) = 15*n**2 - n + 2. Let w(j) = 3*m(j) - 2*r(j). What are the prime factors of w(1)?
2
Let z = 3 - 13. Let r = 23 + z. Suppose r + 14 = 3*o. List the prime factors of o.
3
Let y be -2 - 0 - (-2 - 4). Suppose 0 = 5*v + 10, y*v - 10 = -2*q + 3*v. What are the prime factors of 5*(q/(-5))/(-1)?
2, 3
Let o = -117 - -172. What are the prime factors of o?
5, 11
Let m(t) = t**3 + 10*t**2 - 8*t - 23. List the prime factors of m(-10).
3, 19
Suppose h + 5*l = -h + 30, -4*h = -l - 16. Suppose 0*v - 44 = -4*s - 3*v, 5*v - 20 = 0. Suppose s*p = h*p + 30. What are the prime factors of p?
2, 5
Suppose -152 = -4*s + 136. List the prime factors of s.
2, 3
Let t(z) = -3*z**2 - 7*z - 4. Let o be t(-4). Let r = 47 + o. What are the prime factors of r?
23
Let d = -1 - -9. Suppose d + 7 = 5*x. List the prime factors of x.
3
Let p be (84/1)/(-7)*(-2)/6. Let n = -70 + 100. Suppose 4*o + 2*a - n = 0, 0*o = 2*o - p*a + 10. What are the prime factors of o?
5
Let f(x) be the first derivative of -x**3/3 + 13*x**2/2 + 6*x + 8. List the prime factors of f(10).
2, 3
Let m be -1 + 0 + 0 - -1. List the prime factors of (17 + -2 + m)/1.
3, 5
Let y be 3 + 2*(-4)/(-8). Suppose y*u - 26 = 6. List the prime factors of u.
2
Let m = 18 + -27. Let r(c) = -c + 16 - 12 - 10 + 0*c. List the prime factors of r(m).
3
Suppose -5*z + 33 = -2*z. What are the prime factors of z?
11
Let g(r) = -r**3 + 4*r - 2 - 5*r**2 - 4 + 0*r**3 + 1. What are the prime factors of g(-6)?
7
Let z be (-10)/8*(5 + -13). What are the prime factors of 4/(-10) - (-234)/z?
23
Let p(q) = q**3 - 8*q**2 - 7*q + 1. What are the prime factors of p(9)?
19
Let v = 97 + 7. List the prime factors of v.
2, 13
Let h = 3 + 1. Suppose -3*v - h = -4*v. Suppose -m + 5*i = i + 3, -v*m + 48 = -4*i. List the prime factors of m.
17
Let x be (-12)/(-8)*2/1. Suppose s = -x*s + 12. What are the prime factors of s?
3
Let d(o) = o**2 + 67. What are the prime factors of d(-13)?
2, 59
Suppose -2*b + 0 = -4. List the prime factors of b.
2
Suppose 0 = d + d - 20. Suppose 9*t = 11*t. Suppose t = -3*n + d + 26. What are the prime factors of n?
2, 3
Let u be -3 + 0 + 1 + 2. Let p = 2 + u. Suppose 0*i - p*i + 1 = -s, -3*s = -i - 7. List the prime factors of i.
2
Let u = 14 - -110. List the prime factors of u.
2, 31
Let y(h) = -h + 10. Let r be y(0). Suppose 6*o - o = r. Suppose -15 = c - o*c. List the prime factors of c.
3, 5
Let z be (-2 + 2 - 0) + 0. Suppose 4*l + 10 = 3*s, 2*s - 2*l - l - 7 = z. What are the prime factors of s?
2
Let i(k) = -17*k - 2. Let t(l) = -l**2 + 5*l + 12. Let s be t(7). List the prime factors of i(s).
2
Let c be (2/6)/(10/480). Suppose 231 = 5*u + 86. Let t = u - c. List the prime factors of t.
13
Let l = 658 - 329. List the prime factors of l.
7, 47
Suppose -284 + 1064 = 12*j. What are the prime factors of j?
5, 13
Suppose -3*n - 6*z + 22 = -2*z, 2*z + 52 = 3*n. List the prime factors of n.
2, 7
Let c(j) = -j**2 + 10*j - 1. Let z be c(4). Let b = 34 - z. What are the prime factors of b?
11
Suppose -5 = 3*s - 4*s. Suppose -o + p = -0 - 1, -s*o = 5*p + 45. Let t = o - -13. What are the prime factors of t?
3
Let r(o) = o**2 + 3*o + 5. Let z = -10 - -6. Let k be r(z). Suppose 0 = 5*v - k - 1. What are the prime factors of v?
2
Suppose -14*g + 15*g = 100. What are the prime factors of g?
2, 5
Let m = -723 - -1030. List the prime factors of m.
307
Suppose 16*a - 656 = 8*a. List the prime factors of a.
2, 41
Let m = -3 - 1. Let x = 7 + m. Suppose x*d = d + 10. What are the prime factors of d?
5
Let h(p) = -2*p**3 + p**2. Let u be h(-1). Suppose -11 = -u*o + 34. List the prime factors of o.
3, 5
Suppose 389 - 86 = 3*j. What are the prime factors of j?
101
Let j = 15 - -15. What are the prime factors of j?
2, 3, 5
Suppose 5*f - 10 = 0, 0 = -2*g + g - 5*f + 46. Suppose -5*n = -136 + g. Let k = n + -9. List the prime factors of k.
11
Let a = -2 + 2. Suppose -m - 3*m + 52 = a. What are the prime factors of m?
13
Let c(y) = 3*y**2 - 2*y - 3. Let l be (-2 - 1)/((-2)/2). List the prime factors of c(l).
2, 3
Suppose 3*b + 4*z - 135 = 0, 3*z + 104 = 2*b + z. List the prime factors of b.
7
Let l(k) = -k**2 - 9*k - 6. Let q be (100/15)/((-2)/6). Let j be (16/q)/((-2)/(-15)). What are the prime factors of l(j)?
2, 3
Let h be (-2 + (-21)/(-9))*12. Let f(z) = -3*z + h*z + 0 + 12. List the prime factors of f(-9).
3
Let o = 111 + -43. What are the prime factors of o?
2, 17
Let h(g) = 5 - 4 - 7*g + 0*g. Let j be h(3). What are the prime factors of 114/10 - (-8)/j?
11
Let x = 26 + -15. Let p = 15 - x. Suppose p + 2 = 2*o. What are the prime factors of o?
3
Let f(y) = -y**2 + 8*y + 4. Let j be f(8). Let c be (7/21)/(2/24). Suppose -s = -j*w + 52 - 17, 0 = -c*w - 5*s + 17. List the prime factors of w.
2
Let t(f) be the third derivative of -f**5/60 + f**4/6 + f**3/6 - f**2. Let g be t(4). Let b = g + 3. What are the prime factors of b?
2
List the prime factors of (-14)/(-4)*(-48)/(-2).
2, 3, 7
Suppose -20*c = -16*c + 48. Let t = -3 - c. What are the prime factors of t?
3
Suppose -c = 5*i - 3*c + 4, 5*c - 10 = 0. Suppose i*n - 8 = n. List the prime factors of (-2 + -1)*n/12.
2
Suppose 66 = 2*h + h. What are the prime factors of h?
2, 11
Suppose -5*f = y + 7, y + 4*f + 6 = 2. Let h = y + -3. List the prime factors of h/(-2)*(-32)/20.
2
What are the